.
10
3 (base 9) to base 5
3
Convert 10000 (base 3) to base 10.
81
1 (base 9) to base 11
1
14 (base 5) to base 2
1001
What is 3 (base 6) in base 3?
10
What is 10 (base 3) in base 7?
3
Convert 1a (base 12) to base 5.
42
-1110110 (base 2) to base 16
-76
3 (base 14) to base 13
3
-67 (base 13) to base 9
-104
What is 44 (base 6) in base 3?
1001
What is -2 (base 14) in base 12?
-2
What is 310 (base 7) in base 9?
181
Convert 1 (base 5) to base 9.
1
What is -57 (base 14) in base 8?
-115
-d (base 15) to base 13
-10
Convert -3 (base 5) to base 7.
-3
What is a (base 14) in base 2?
1010
Convert 1 (base 11) to base 2.
1
-30 (base 4) to base 10
-12
17 (base 13) to base 2
10100
Convert -2e (base 16) to base 6.
-114
-13 (base 6) to base 2
-1001
2 (base 15) to base 9
2
What is -2 (base 3) in base 12?
-2
What is 140 (base 7) in base 11?
70
100010 (base 2) to base 7
46
What is 5 (base 15) in base 9?
5
111 (base 3) to base 4
31
2031 (base 4) to base 2
10001101
What is 21 (base 6) in base 7?
16
-72 (base 11) to base 16
-4f
Convert 4a (base 13) to base 5.
222
What is -1 (base 13) in base 3?
-1
What is 137 (base 11) in base 8?
241
What is -262 (base 7) in base 5?
-1032
1 (base 7) to base 4
1
-109 (base 11) to base 8
-202
-305 (base 6) to base 10
-113
Convert c7 (base 13) to base 12.
117
What is 200 (base 3) in base 14?
14
What is -72 (base 10) in base 4?
-1020
What is -21210 (base 3) in base 8?
-322
What is 1 (base 12) in base 7?
1
Convert 231 (base 8) to base 11.
12a
Convert -2 (base 5) to base 16.
-2
What is -10 (base 3) in base 9?
-3
What is -1312 (base 4) in base 8?
-166
Convert 31 (base 4) to base 5.
23
What is -5 (base 6) in base 14?
-5
43 (base 14) to base 10
59
Convert 17 (base 12) to base 8.
23
2 (base 3) to base 13
2
-100002 (base 3) to base 14
-137
-3 (base 8) to base 13
-3
-11 (base 2) to base 16
-3
What is 10 (base 3) in base 7?
3
Convert 110100 (base 2) to base 12.
44
Convert 294 (base 10) to base 7.
600
What is 205 (base 11) in base 7?
502
-12 (base 4) to base 16
-6
Convert 0 (base 7) to base 10.
0
-10 (base 15) to base 9
-16
What is 104 (base 7) in base 3?
1222
What is 10 (base 4) in base 15?
4
Convert 2 (base 15) to base 16.
2
What is -37 (base 11) in base 8?
-50
-11 (base 6) to base 13
-7
-1201 (base 4) to base 9
-117
1 (base 3) to base 8
1
What is 23 (base 14) in base 10?
31
10 (base 2) to base 6
2
-3 (base 9) to base 8
-3
Convert 2 (base 7) to base 15.
2
-3 (base 11) to base 5
-3
-db (base 15) to base 8
-316
What is 2c (base 16) in base 9?
48
-1023 (base 5) to base 15
-93
4 (base 10) to base 14
4
What is 235 (base 8) in base 10?
157
-3 (base 13) to base 7
-3
What is -28 (base 12) in base 4?
-200
2 (base 7) to base 15
2
4 (base 13) to base 11
4
Convert -11100 (base 2) to base 15.
-1d
-41 (base 9) to base 16
-25
Convert 1 (base 10) to base 3.
1
Convert -3 (base 11) to base 15.
-3
-213 (base 7) to base 3
-11000
What is 60 (base 11) in base 9?
73
-1001 (base 2) to base 10
-9
60 (base 8) to base 16
30
What is 3b (base 13) in base 4?
302
Convert -5 (base 9) to base 14.
-5
What is 6 (base 13) in base 12?
6
Convert -1 (base 13) to base 7.
-1
Convert 21 (base 7) to base 10.
15
1303 (base 4) to base 16
73
What is -13 (base 6) in base 14?
-9
Convert 33 (base 8) to base 11.
25
120 (base 13) to base 12
143
Convert -102 (base 3) to base 14.
-b
What is -2 (base 14) in base 11?
-2
1210 (base 3) to base 9
53
What is -41 (base 9) in base 11?
-34
11001 (base 2) to base 3
221
-10 (base 10) to base 2
-1010
Convert -24 (base 9) to base 4.
-112
What is 1 (base 5) in base 7?
1
-2 (base 3) to base 2
-10
Convert 3 (base 8) to base 14.
3
-8a (base 11) to base 12
-82
What is -8 (base 13) in base 5?
-13
1 (base 14) to base 8
1
Convert 1 (base 6) to base 10.
1
Convert -10 (base 3) to base 16.
-3
-6 (base 13) to base 12
-6
What is -11 (base 3) in base 10?
-4
Convert 2 (base 3) to base 5.
2
Convert 0 (base 15) to base 16.
0
Convert 11 (base 6) to base 9.
7
What is -13 (base 7) in base 16?
-a
Convert 51 (base 11) to base 12.
48
What is 30 (base 5) in base 6?
23
Convert 104 (base 15) to base 14.
125
Convert 8 (base 13) to base 7.
11
-100 (base 3) to base 5
-14
What is 100 (base 2) in base 15?
4
What is 0 (base 3) in base 11?
0
What is -101002 (base 3) in base 11?
-228
Convert -1 (base 15) to base 12.
-1
What is -35 (base 8) in base 16?
-1d
11 (base 3) to base 6
4
What is 2 (base 5) in base 10?
2
-2 (base 4) to base 15
-2
Convert -2 (base 11) to base 9.
-2
Convert -10010 (base 2) to base 6.
-30
-410 (base 8) to base 12
-1a0
10101 (base 2) to base 13
18
What is -3 (base 11) in base 13?
-3
Convert 2210 (base 3) to base 4.
1023
What is -11 (base 15) in base 9?
-17
Convert -3c (base 14) to base 10.
-54
What is 12 (base 5) in base 6?
11
Convert -14 (base 8) to base 16.
-c
What is -20 (base 3) in base 10?
-6
6 (base 9) to base 16
6
Convert 3 (base 12) to base 16.
3
-11002 (base 3) to base 13
-86
Convert 0 (base 13) to base 2.
0
What is c (base 13) in base 15?
c
152 (base 6) to base 4
1010
6 (base 7) to base 8
6
-35 (base 8) to base 10
-29
17 (base 15) to base 13
19
6 (base 7) to base 6
10
What is 71 (base 8) in base 7?
111
What is -3 (base 11) in base 2?
-11
Convert 0 (base 16) to base 7.
0
Convert -12100 (base 3) to base 10.
-144
What is -10 (base 3) in base 12?
-3
Convert -18 (base 15) to base 16.
-17
Convert 20 (base 8) to base 5.
31
Convert -2 (base 5) to base 3.
-2
What is -10000011 (base 2) in base 7?
-245
29 (base 16) to base 14
2d
What is -20 (base 15) in base 11?
-28
What is 4b (base 14) in base 12?
57
What is 23 (base 4) in base 7?
14
29 (base 12) to base 3
1020
3 (base 5) to base 8
3
-40 (base 5) to base 3
-202
Convert -5 (base 7) to base 6.
-5
Convert -1 (base 3) to base 4.
-1
Convert -12 (base 14) to base 9.
-17
30 (base 5) to base 9
16
Convert -24 (base 5) to base 2.
-1110
-b9 (base 12) to base 14
-a1
-51 (base 7) to base 10
-36
What is -5 (base 12) in base 9?
-5
8 (base 13) to base 6
12
Convert -9 (base 15) to base 10.
-9
-d3 (base 14) to base 10
-185
305 (base 6) to base 3
11012
Convert -143 (base 5) to base 10.
-48
Convert ab (base 13) to base 3.
12020
What is -60 (base 10) in base 9?
-66
Convert -6 (base 15) to base 12.
-6
Convert 0 (base 8) to base 10.
0
What is 98 (base 11) in base 2?
1101011
Convert 1 (base 12) to base 4.
1
What is 1a (base 12) in base 16?
16
What is 3 (base 10) in base 9?
3
What is 2 (base 12) in base 9?
2
What is 101 (base 2) in base 9?
5
10 (base 9) to base 12
9
Convert -108 (base 14) to base 16.
-cc
Convert 18 (base 11) to base 4.
103
Convert 1a (base 13) to base 7.
32
20 (base 3) to base 6
10
Convert 8 (base 13) to base 15.
8
Convert -80 (base 12) to base 15.
-66
-2 (base 6) to base 2
-10
What is -41 (base 10) in base 8?
-51
-4 (base 6) to base 12
-4
-1 (base 4) to base 14
-1
3 (base 4) to base 6
3
What is 322 (base 9) in base 13?
173
What is -110 (base 2) in base 15?
-6
-4 (base 10) to base 14
-4
What is -22 (base 4) in base 2?
-1010
2 (base 8) to base 3
2
1232 (base 4) to base 14
7c
Convert 7 (base 8) to base 16.
7
What is 67 (base 8) in base 15?
3a
Convert -5 (base 15) to base 7.
-5
-3 (base 4) to base 3
-10
What is 51 (base 7) in base 13?
2a
What is 174 (base 8) in base 16?
7c
What is 77 (base 16) in base 4?
1313
-10 (base 2) to base 4
-2
What is 11021 (base 3) in base 14?
83
Convert -148 (base 13) to base 11.
-199
-3 (base 10) to base 16
-3
12 (base 8) to base 5
20
-23 (base 7) to base 14
-13
What is -63 (base 15) in base 4?
-1131
-122 (base 15) to base 16
-101
Convert -2 (base 11) to base 8.
-2
Convert 115 (base 10) to base 7.
223
What is -2 (base 6) in base 10?
-2
-210 (base 6) to base 10
-78
-21 (base 3) to base 14
-7
What is 57 (base 11) in base 12?
52
Convert 63 (base 14) to base 7.
153
20 (base 7) to base 14
10
132 (base 14) to base 12
180
What is -30 (base 4) in base 16?
-c
7 (base 16) to base 6
11
Convert 1 (base 7) to base 16.
1
What is -66 (base 9) in base 15?
-40
What is 0 (base 12) in base 10?
0
Convert 3 (base 15) to base 13.
3
What is -58 (base 14) in base 13?
-60
32 (base 4) to base 10
14
Convert -223 (base 8) to base 11.
-124
25 (base 13) to base 9
34
2 (base 8) to base 14
2
What is 34 (base 10) in base 12?
2a
What is 0 (base 4) in base 12?
0
What is 2 (base 7) in base 9?
2
Convert 4 (base 15) to base 6.
4
What is 19 (b